555
In base 12, what is 3b150252 - 4?
3b15024a
In base 9, what is 61760767 - -5?
61760773
In base 14, what is -2 - -cdb14a?
cdb148
In base 9, what is 0 + 7236355?
7236355
In base 5, what is -10 + -4421322100?
-4421322110
In base 13, what is -6606350 - -3?
-660634a
In base 10, what is -437 - 527149?
-527586
In base 6, what is -2 + -351111245?
-351111251
In base 5, what is -240024 + 3023014?
2232440
In base 10, what is 0 + 1833162?
1833162
In base 12, what is -380b7 + 37?
-38080
In base 15, what is -10 + -235b5e4?
-235b604
In base 4, what is 233 + -1033220221?
-1033213322
In base 6, what is -3 + -1124055030?
-1124055033
In base 13, what is -35 - 90c4?
-9129
In base 3, what is 2 - -11121201021201?
11121201021210
In base 16, what is -20ac + cf2?
-13ba
In base 14, what is -6a6 - -bc610?
bbd48
In base 11, what is 16a36 + -1431?
15605
In base 6, what is 504355551 - -5?
504400000
In base 12, what is 4 - -6310b6?
6310ba
In base 14, what is -545d47 + -6?
-545d4d
In base 7, what is -512 - -21010401?
21006556
In base 8, what is 0 - -16440134?
16440134
In base 7, what is 12531 - -125156?
141020
In base 7, what is -4 - -150436?
150432
In base 10, what is 2230187 - -5?
2230192
In base 14, what is -7031422 - 1?
-7031423
In base 4, what is -1001121122 + 12330?
-1001102132
In base 12, what is 1a9748b + 3?
1a97492
In base 6, what is -4345130444 - -3?
-4345130441
In base 7, what is -342333314 - 2?
-342333316
In base 9, what is 18 - 1384636?
-1384617
In base 16, what is 64261 + -24?
6423d
In base 14, what is -a7240c + -2?
-a72410
In base 14, what is 1668c38 - -1c?
1668c56
In base 12, what is 3 - 2576356a?
-25763567
In base 9, what is 17206 + 46132?
64338
In base 2, what is -101 + -111011000111011000110111100?
-111011000111011000111000001
In base 13, what is -113 - -67545?
67432
In base 13, what is -36751 - -13?
-3673b
In base 5, what is -11040 + -1132?
-12222
In base 6, what is 1313300140 + 3?
1313300143
In base 9, what is 304 + 4202523?
4202827
In base 4, what is 122320233122101 + -10?
122320233122031
In base 13, what is -1 - -797665?
797664
In base 14, what is 728156 + 0?
728156
In base 5, what is -43111 + 1122120?
1024004
In base 14, what is 9d6c125 - 2?
9d6c123
In base 5, what is -2 - -103124420103?
103124420101
In base 9, what is 1764 + -262100?
-260225
In base 4, what is -32212103 - 210301?
-33023010
In base 5, what is -1420 + 330033?
323113
In base 2, what is -1001 - 1011011010101100110?
-1011011010101101111
In base 5, what is 3111102 + 20042?
3131144
In base 9, what is -610680 - 1?
-610681
In base 5, what is 0 + 23204112413?
23204112413
In base 16, what is -44de1e - e?
-44de2c
In base 5, what is -303130 + -201224?
-1004404
In base 5, what is 20 + 310032110?
310032130
In base 9, what is 41165343 - 8?
41165334
In base 4, what is -1302203113002 - 200?
-1302203113202
In base 6, what is -2312 - -22445425?
22443113
In base 9, what is 144772 - 354?
144417
In base 14, what is -7 - -70c25?
70c1c
In base 3, what is 1220012 + 12011010012?
12020000101
In base 9, what is 5 + -430245816?
-430245811
In base 11, what is -389556732 - 0?
-389556732
In base 7, what is 5 + 516616454?
516616462
In base 15, what is -c00833e - 2?
-c008341
In base 14, what is -36 - 285b002?
-285b038
In base 8, what is -2 + -5124212?
-5124214
In base 15, what is 1 + 85ea30?
85ea31
In base 3, what is 210210021001 + 1022?
210210022100
In base 11, what is 963340 - 3?
963338
In base 8, what is -122551534 + -26?
-122551562
In base 2, what is -1 - -1111010111110011110001011?
1111010111110011110001010
In base 11, what is 964 + 14022?
14986
In base 10, what is -761 + -36516?
-37277
In base 16, what is 3 + -4e5c74?
-4e5c71
In base 13, what is -13b + a52a?
a3bc
In base 7, what is -2142022336 - 10?
-2142022346
In base 13, what is 7110 - a3c0?
-32b0
In base 5, what is -10020 + 40232222?
40222202
In base 6, what is 13 - 2044455520?
-2044455503
In base 12, what is -271 + -957a?
-982b
In base 14, what is -625 - -bd3?
5ac
In base 3, what is 1022 - 1220220100021?
-1220220021222
In base 5, what is 10122204220 - 10?
10122204210
In base 16, what is -9 - -265370?
265367
In base 5, what is -133141300214 - -1?
-133141300213
In base 16, what is 68ec9 + a?
68ed3
In base 14, what is 235 + -221272?
-22103b
In base 7, what is 416241 + 2621?
422162
In base 11, what is -40152521a - 4?
-401525223
In base 14, what is -2991d8 + 138?
-2990a0
In base 11, what is -180a6346 - -8?
-180a6339
In base 12, what is 27b93b - 5?
27b936
In base 5, what is 33 + 24110102?
24110140
In base 7, what is -123 + 23034010?
23033554
In base 8, what is 1364 - 7042?
-5456
In base 12, what is -493595a - -4?
-4935956
In base 9, what is -6101 + 648?
-5342
In base 8, what is -70213437 - -2?
-70213435
In base 13, what is 181544 - -7?
18154b
In base 9, what is -6 - -1880140?
1880133
In base 15, what is -955 - -4a6?
-49e
In base 5, what is -112310001220 + 1?
-112310001214
In base 2, what is -1100100011110010011 - 110?
-1100100011110011001
In base 8, what is 430 + -1013?
-363
In base 16, what is -6e + 19b92f?
19b8c1
In base 3, what is 221120110222 - -12?
221120111011
In base 15, what is -1e - -1eba9?
1eb8a
In base 8, what is -2 + -7340573?
-7340575
In base 12, what is 271b9 + 70?
27269
In base 2, what is -1000001101011 + -11000111001?
-1011010100100
In base 15, what is 21ba - b33?
1587
In base 8, what is -6665060634 + 4?
-6665060630
In base 12, what is 205bb + -22b?
20390
In base 13, what is -2 - -7aa786?
7aa784
In base 6, what is 300024221 - -4?
300024225
In base 12, what is -8 + -595961?
-595969
In base 2, what is 111000011111011111000 + 110011011?
111000100000010010011
In base 16, what is 40d9c - 60?
40d3c
In base 2, what is -110111 + -1000010011111001100?
-1000010100000000011
In base 4, what is 1 + 1021013321221?
1021013321222
In base 14, what is 2a5dc0 + 4?
2a5dc4
In base 9, what is -170553 + 116?
-170436
In base 6, what is -5541404 + -412?
-5542220
In base 3, what is -21222100222 + 20212011?
-21201111211
In base 16, what is c + -24f0a?
-24efe
In base 3, what is -1120 + -10020122020102?
-10020122021222
In base 4, what is -33311201201 + 22?
-33311201113
In base 3, what is -1021122001012 + 20002?
-1021121211010
In base 2, what is 101001 - -1010001001010111011101110?
1010001001010111100010111
In base 7, what is 546 + 1420204?
1421053
In base 7, what is -1433245 + 25446?
-1404466
In base 5, what is -20 - 41003420?
-41003440
In base 7, what is 21 - -133623?
133644
In base 7, what is -104216144 - 2?
-104216146
In base 12, what is a63464 - -9?
a63471
In base 2, what is 1011000 + 10000101110111010?
10000110000010010
In base 13, what is 463613 + 1a?
463630
In base 11, what is 1840188 + -3?
1840185
In base 3, what is 121 + -1020120000012?
-1020112222121
In base 11, what is 571911 + 32?
571943
In base 4, what is 11 - -131221321310?
131221321321
In base 9, what is 505 + 235471?
236076
In base 8, what is -14424 - 11026?
-25452
In base 10, what is -154 - -116852?
116698
In base 11, what is -118 + 7948a?
79372
In base 4, what is 12010032102 - 12?
12010032030
In base 14, what is -60d61 + -30?
-60d91
In base 12, what is 14 + -148781?
-148769
In base 7, what is -14314 + -3166?
-20513
In base 4, what is 11022122 - 222?
11021300
In base 8, what is 37 + -2335443?
-2335404
In base 14, what is -8624 - -294?
-8370
In base 15, what is -208ee - 8?
-20907
In base 16, what is -5 - 65353d0?
-65353d5
In base 15, what is 268a + -7891?
-5206
In base 12, what is -2 + 2a1231?
2a122b
In base 11, what is -810288 - 18?
-8102a5
In base 9, what is -107 - 1325170?
-1325277
In base 5, what is -32323 + -4114412?
-4202240
In base 5, what is -242031 + -20222?
-312303
In base 8, what is 0 - -367174761?
367174761
In base 7, what is -32522 + -6640?
-42462
In base 4, what is 2 + 20123010012?
20123010020
In base 8, what is 46 - -11350401?
11350447
In base 5, what is -10043110 + -434?
-10044044
In base 11, what is 296 - 6694?
-63a9
In base 12, what is 1 - 713b9357?
-713b9356
In base 11, what is 245553966 + -1?
245553965
In base 15, what is 2879d + 74e?
28eec
In base 10, what is 0 + 6710385?
6710385
In base 14, what is -77b - 4d3a3?
-4db40
In base 7, what is 555123 - 221?
554602
In base 11, what is -410 + 329224?
328914
In base 5, what is 1200030 - -224440?
1430020
In base 12, what is -893 - 23747?
-24